2*p + i. List the prime factors of p.
47
List the prime factors of 4 - (-2 - 74 - -3).
7, 11
Suppose 3*w + 2 = 8. Suppose -i - 29 = -w*i. List the prime factors of i.
29
Suppose -4*m = -5*m - 5*j + 14, 2*m - 3*j = 2. Let r = 17 - m. List the prime factors of r.
13
Suppose -85 - 133 = -2*p. What are the prime factors of p?
109
Suppose -5*n = 25, 4*j - 5*j = -n - 1. What are the prime factors of (1 + 2)*(-20)/j?
3, 5
Let w be (-1 - 1 - -1) + 7. List the prime factors of ((-8)/6 - -2)*w.
2
Let s(o) = o**2 + 6*o + 2. List the prime factors of s(-8).
2, 3
Suppose 3*z - 1 = g, 2*z - 2*g = -4*g + 14. Suppose 5*p = 34 + 1. Suppose 0 = o + 5*n - p, -3*o + z*n = -2*o. What are the prime factors of o?
2
Let z(b) = -b**2 + 5*b - 7. Let u be z(5). What are the prime factors of (u + 3)/(1/(-2))?
2
Let g = 15 - 9. Let a = g + -12. List the prime factors of -15*4/a + -3.
7
Let i = 40 - 11. List the prime factors of i.
29
Suppose -5*v + 20 + 0 = 0. Suppose r = v*t - 96, 0 = -6*t + 3*t + r + 73. Suppose 3*j = t + 7. List the prime factors of j.
2, 5
Let c = -2 - -3. What are the prime factors of (c - 0)*3*1?
3
Let h(w) = -w**3 + w**2 + 12. List the prime factors of h(0).
2, 3
Let l(x) be the first derivative of -x**4/4 + 3*x**2/2 + 2*x - 2. What are the prime factors of l(-2)?
2
Let k(v) = v**2 - 8*v + 3. Let b be k(8). Let r(j) = -j - j**3 + 0*j**b - 4*j - 5*j**2 + 1 + 2*j. List the prime factors of r(-5).
2
Let q = 12 + 6. What are the prime factors of q?
2, 3
Let d(j) = -j**3 - 5*j**2 - 7*j + 9. List the prime factors of d(-6).
3, 29
Let j be 3 - (8 - 3) - -6. Suppose 2*r - 12 = -j. Let w = r - -6. List the prime factors of w.
2, 5
Suppose 0 = 6*u - 20 + 2. Suppose 0 = 5*l + 3*y - 117, -u*y - 2*y + 115 = 5*l. What are the prime factors of l?
2, 3
Suppose -299 = -4*s + 529. What are the prime factors of s?
3, 23
Suppose -8*m = 81 - 2417. What are the prime factors of m?
2, 73
Let l(o) = -o**2 - 9*o + 6. List the prime factors of l(-9).
2, 3
What are the prime factors of 2/15 + (-2066)/(-30)?
3, 23
Let u = 12 + 17. What are the prime factors of u?
29
Let k(b) = -b**3 + 10*b**2 + b + 4. Let z be ((-30)/9)/((-1)/3). What are the prime factors of k(z)?
2, 7
Let d = 11 - 2. List the prime factors of d.
3
Let w = 1 - 11. Let t = -7 - -3. List the prime factors of 8/t*w/4.
5
Let k(t) = 2*t**2 + t + 3 - 3 - 7*t**3. Suppose -2*n - 13 = -3*q - 6*n, -q - 5 = -n. List the prime factors of k(q).
2
Let m = -7 - -10. What are the prime factors of 1*(m + -4 - -16)?
3, 5
Let r(n) = n**2 - n - 1. Let m(f) = f**3 + 5*f**2 - 4*f - 30. Let c(d) = -m(d) + 5*r(d). Let y be c(0). Let u = 39 - y. What are the prime factors of u?
2, 7
Let x(n) = n**2 + n + 50. List the prime factors of x(14).
2, 5, 13
Let x(g) = -g**2 - g. Let m(w) = -5*w**2 - 6*w - 1. Let c(h) = m(h) - 6*x(h). List the prime factors of c(-5).
2, 3
Let s(q) = q**3 - 19*q**2 - 15*q + 16. What are the prime factors of s(20)?
2, 29
Suppose 3*n = 16 + 56. Suppose 0 = -2*l - 2*l + n. Let f = l + 4. What are the prime factors of f?
2, 5
Suppose 0 = -7*s + 575 + 83. What are the prime factors of s?
2, 47
Suppose -4*z + 46 = -2*z. What are the prime factors of z?
23
Suppose 6*z = 19*z - 3289. List the prime factors of z.
11, 23
Let k = -11 - -23. What are the prime factors of k?
2, 3
Let c(j) = -8 - j**2 - 7*j - 6*j + 0*j. List the prime factors of c(-12).
2
Let c = -148 + 348. List the prime factors of c.
2, 5
Let l(t) be the second derivative of 5*t**4/12 + 3*t**2/2 - t. Let c(o) = -14*o**2 + o - 8. Let s(y) = -6*c(y) - 17*l(y). What are the prime factors of s(-2)?
5
Let c(z) = z + 12. Let i be c(-9). Suppose 0 = k + 3, -11 = -i*p - p + k. List the prime factors of p.
2
Let k(u) = -1 + u**2 + 3 + 0 + 7*u. Suppose -4*z = -0*z + 28. What are the prime factors of k(z)?
2
Let i = 9 - 14. Let t = 11 - i. Suppose -2*r + 4*q = -t, 4*q + 2 = 3*r - 24. List the prime factors of r.
2, 5
Let i be (-5)/2*28/(-10). Let j = 61 - i. What are the prime factors of j?
2, 3
List the prime factors of 5 - 3/3*-191.
2, 7
Let z(l) = -2*l - 3. Let i be z(-2). Let o = i - -9. What are the prime factors of o?
2, 5
Let i = -1 - 2. Let g = i + 6. Let d = -1 + g. List the prime factors of d.
2
List the prime factors of -2 - -4 - 0 - 0.
2
Let o = -8 - -4. Let q(t) = -4 - t**2 + 3 - 5*t + 1 + 1. List the prime factors of q(o).
5
Let p(w) = -w**2 - 6*w + 7. Let m be p(-7). What are the prime factors of 1 + (m - 1)/(-1)?
2
Suppose -3*z - 5 = -4*z. Suppose q = -3 + z. Suppose q*g + 11 = 3*g. List the prime factors of g.
11
Suppose -w + 8 = w. Let o = 8 - w. Suppose 0 = 4*h + 2*n - 22, -h = 2*h - o*n + 11. List the prime factors of h.
3
Suppose -6*f + 147 = -285. What are the prime factors of f?
2, 3
Let f(n) = -91*n - 23. What are the prime factors of f(-2)?
3, 53
Let r(c) = -103*c + 13. What are the prime factors of r(-3)?
2, 7, 23
Suppose 6*g - g + 3*m - 10 = 0, 3*g + 4*m = -5. Suppose 0 = -g*n + 4*u + 71, -2*n - u = 4*u - 2. List the prime factors of n.
11
Let g = 2 - -1. What are the prime factors of g?
3
Suppose 6*x - 3*x = 0, 2*l - 28 = x. List the prime factors of 8/28 + 458/l.
3, 11
Let y be (1/(-3))/((-2)/18). Suppose f = -15 - y. What are the prime factors of (-3)/(-4) + f/(-8)?
3
Let g(s) = s**2 + 7*s - 6. Let m be g(-7). Let c be 36/10 - m/15. Suppose -3*o + c*o - 10 = 0. List the prime factors of o.
2, 5
List the prime factors of -1 + (0/1 - -8).
7
Let h be 3/(9/(-3))*0. Suppose -3*s = -h*s + 9. What are the prime factors of ((-8)/(-6))/(s/(-9))?
2
Suppose 4*x - 1020 = -x. What are the prime factors of x?
2, 3, 17
Let a be (4/(-8))/((-2)/28). Suppose 4*d = -i + 17, -3*d + 6*d = 3*i + 24. Let j = a - d. What are the prime factors of j?
2
List the prime factors of -3 + 1/((-12)/(-9))*108.
2, 3, 13
Let m = 23 + -4. List the prime factors of m.
19
Let c = 164 - 93. List the prime factors of c.
71
Suppose 108 = -2*c + 5*c. List the prime factors of c.
2, 3
Let l = 164 - 102. List the prime factors of l.
2, 31
Suppose 4 = 5*j - 6. Suppose j*y + t - 18 = 0, -y + 30 = 4*y - 5*t. What are the prime factors of -3 + 3 + 1 + y?
3
Suppose -4*d - 17 = 39. Let u = 22 + d. What are the prime factors of (0 + -4)*(-14)/u?
7
What are the prime factors of (-156)/(-42) + (-2)/(-7)?
2
Suppose -5*i - 58 = -7*i. Let x = -20 + i. What are the prime factors of x?
3
Suppose -4*l + 41 = -15. List the prime factors of l.
2, 7
Suppose 2*z + 6 = 4*z. Suppose v - z*x = -5*x + 23, -50 = -2*v - 2*x. Suppose 4*d - 3*i = -d + v, 3*i + 15 = d. What are the prime factors of d?
3
Let m = 57 - 25. List the prime factors of m.
2
Let g = -5 + 5. Suppose m + 0*k = -2*k + 45, g = 4*k. What are the prime factors of m?
3, 5
Suppose t + 113 = 3*p - 226, -5*p + 565 = 2*t. List the prime factors of p.
113
Suppose 46 = 2*d - 0*d. What are the prime factors of 2/(-1) + d + -1?
2, 5
Suppose 5*k - 5 - 5 = 0. Suppose 0 = -2*v - k*v - 8. Let y = v + 13. What are the prime factors of y?
11
List the prime factors of (45/(-6))/(2/(-4)).
3, 5
Let c = 9 + -14. Let v = 10 + c. List the prime factors of v.
5
Let y(m) = 8*m - 20. What are the prime factors of y(4)?
2, 3
Suppose 16*o + 101 = 17*o. What are the prime factors of o?
101
Suppose -z = 2*b - 362, 0*b + 350 = 2*b + 4*z. List the prime factors of b.
3, 61
Let y(n) = n**2 - 3*n + 8. Let f(w) = w. Let b(r) = 2*f(r) + y(r). What are the prime factors of b(0)?
2
Let r(d) = d**3 + 5*d**2 - 4. Let j be r(-5). Let o(i) = -i + 6. What are the prime factors of o(j)?
2, 5
Suppose 4*b + 3*x = -0*b + 21, -2*x + 21 = 5*b. Suppose 0 = b*s - 19 - 20. Suppose -2*t - 3 + s = 0. List the prime factors of t.
5
List the prime factors of 1*3 - (-25 + 9).
19
Let b be (-369)/(-15) + 2/5. Suppose -5*n - b = 0, -3*n = r - 0 + 2. List the prime factors of r.
13
Let a(g) = g**3 - 2*g**2 + g + 2. Suppose 3*x - 16 = -5*c, -3*x - 5 = -4*c - 3. What are the prime factors of a(x)?
2
Let n be (4 - -1)*8/10. Suppose 5*b - 4*z + 0 - 12 = 0, 3*z = -n*b + 22. List the prime factors of b.
2
Suppose -5*c - 15 = -2*k, 0 = -2*c - 2. Suppose -3*p - k*s + 10 = 0, -3*p - 15 = p + s. Let d = 19 + p. What are the prime factors of d?
2, 7
Suppose 2*x + 0*x - 10 = 0, -x - 4 = -3*i. Suppose -i*t + 2*w - 3*w = 10, -t - w = 6. What are the prime factors of 10 + ((-2)/1 - t)?
2, 5
Suppose -6*d 